    {"id":2849,"date":"2025-10-09T15:59:44","date_gmt":"2025-10-09T13:59:44","guid":{"rendered":"https:\/\/vsklausen.at\/neu\/?page_id=2849"},"modified":"2025-10-27T11:08:22","modified_gmt":"2025-10-27T10:08:22","slug":"gesunde-jause","status":"publish","type":"page","link":"https:\/\/vsklausen.at\/neu\/index.php\/unsere-schule\/gesunde-jause\/","title":{"rendered":"Gesunde Jause"},"content":{"rendered":"\n<p>Wir lieben die gesunde Jause!<\/p>\n\n\n\n<p>F\u00fcr Schulkinder ist eine gesunde und reichhaltige Jause extrem wichtig, damit sie den Herausforderungen des Schultages gewachsen sind. Deshalb bereiten flei\u00dfige Eltern alle zwei Wochen ein gesundes und vielf\u00e4ltiges Buffet vor. Morgens bringt jedes Kind etwas Obst oder Gem\u00fcse, Brot oder Aufstriche und bis zur gro\u00dfen Pause zaubern unsere Helfer gro\u00dfartige und gesunde Leckereien. Auf diese Pause freuen sich alle Sch\u00fclerinnen und Sch\u00fcler immer ganz besonders.<\/p>\n\n\n\n<figure class=\"wp-block-gallery has-nested-images columns-default is-cropped wp-block-gallery-1 is-layout-flex wp-block-gallery-is-layout-flex\">\n<figure class=\"wp-block-image size-large\"><img data-opt-id=1863701138  fetchpriority=\"high\" decoding=\"async\" width=\"1024\" height=\"682\" data-id=\"5599\" src=\"https:\/\/mltibhyawa8y.i.optimole.com\/cb:mquh.cde\/w:1024\/h:682\/q:mauto\/f:best\/https:\/\/vsklausen.at\/neu\/wp-content\/uploads\/2023\/07\/photo_1_2023-07-03_13-30-58.jpg\" alt=\"\" class=\"wp-image-5599\" srcset=\"https:\/\/mltibhyawa8y.i.optimole.com\/cb:mquh.cde\/w:1024\/h:682\/q:mauto\/f:best\/https:\/\/vsklausen.at\/neu\/wp-content\/uploads\/2023\/07\/photo_1_2023-07-03_13-30-58.jpg 1024w, https:\/\/mltibhyawa8y.i.optimole.com\/cb:mquh.cde\/w:300\/h:200\/q:mauto\/f:best\/https:\/\/vsklausen.at\/neu\/wp-content\/uploads\/2023\/07\/photo_1_2023-07-03_13-30-58.jpg 300w, https:\/\/mltibhyawa8y.i.optimole.com\/cb:mquh.cde\/w:768\/h:512\/q:mauto\/f:best\/https:\/\/vsklausen.at\/neu\/wp-content\/uploads\/2023\/07\/photo_1_2023-07-03_13-30-58.jpg 768w, https:\/\/mltibhyawa8y.i.optimole.com\/cb:mquh.cde\/w:1280\/h:853\/q:mauto\/f:best\/https:\/\/vsklausen.at\/neu\/wp-content\/uploads\/2023\/07\/photo_1_2023-07-03_13-30-58.jpg 1280w, https:\/\/mltibhyawa8y.i.optimole.com\/cb:mquh.cde\/w:1280\/h:853\/q:mauto\/f:best\/dpr:2\/https:\/\/vsklausen.at\/neu\/wp-content\/uploads\/2023\/07\/photo_1_2023-07-03_13-30-58.jpg 2x\" sizes=\"(max-width: 525px) 100vw, 525px\" \/><\/figure>\n\n\n\n<figure class=\"wp-block-image size-large\"><img data-opt-id=646490321  fetchpriority=\"high\" decoding=\"async\" width=\"1024\" height=\"768\" data-id=\"6668\" src=\"https:\/\/mltibhyawa8y.i.optimole.com\/cb:mquh.cde\/w:1024\/h:768\/q:mauto\/f:best\/https:\/\/vsklausen.at\/neu\/wp-content\/uploads\/2024\/06\/1-1.jpg\" alt=\"\" class=\"wp-image-6668\" srcset=\"https:\/\/mltibhyawa8y.i.optimole.com\/cb:mquh.cde\/w:1024\/h:768\/q:mauto\/f:best\/https:\/\/vsklausen.at\/neu\/wp-content\/uploads\/2024\/06\/1-1.jpg 1024w, https:\/\/mltibhyawa8y.i.optimole.com\/cb:mquh.cde\/w:300\/h:225\/q:mauto\/f:best\/https:\/\/vsklausen.at\/neu\/wp-content\/uploads\/2024\/06\/1-1.jpg 300w, https:\/\/mltibhyawa8y.i.optimole.com\/cb:mquh.cde\/w:768\/h:576\/q:mauto\/f:best\/https:\/\/vsklausen.at\/neu\/wp-content\/uploads\/2024\/06\/1-1.jpg 768w, https:\/\/mltibhyawa8y.i.optimole.com\/cb:mquh.cde\/w:1536\/h:1152\/q:mauto\/f:best\/https:\/\/vsklausen.at\/neu\/wp-content\/uploads\/2024\/06\/1-1.jpg 1536w, https:\/\/mltibhyawa8y.i.optimole.com\/cb:mquh.cde\/w:600\/h:450\/q:mauto\/f:best\/https:\/\/vsklausen.at\/neu\/wp-content\/uploads\/2024\/06\/1-1.jpg 600w, https:\/\/mltibhyawa8y.i.optimole.com\/cb:mquh.cde\/w:1600\/h:1200\/q:mauto\/f:best\/https:\/\/vsklausen.at\/neu\/wp-content\/uploads\/2024\/06\/1-1.jpg 1600w, https:\/\/mltibhyawa8y.i.optimole.com\/cb:mquh.cde\/w:1600\/h:1200\/q:mauto\/f:best\/dpr:2\/https:\/\/vsklausen.at\/neu\/wp-content\/uploads\/2024\/06\/1-1.jpg 2x\" sizes=\"(max-width: 525px) 100vw, 525px\" \/><figcaption class=\"wp-element-caption\">Viel Obst und Gem\u00fcse<\/figcaption><\/figure>\n\n\n\n<figure class=\"wp-block-image size-large\"><img data-opt-id=1735895756  decoding=\"async\" width=\"1024\" height=\"768\" data-id=\"6667\" src=\"https:\/\/mltibhyawa8y.i.optimole.com\/cb:mquh.cde\/w:1024\/h:768\/q:mauto\/f:best\/https:\/\/vsklausen.at\/neu\/wp-content\/uploads\/2024\/06\/2-1.jpg\" alt=\"\" class=\"wp-image-6667\" srcset=\"https:\/\/mltibhyawa8y.i.optimole.com\/cb:mquh.cde\/w:1024\/h:768\/q:mauto\/f:best\/https:\/\/vsklausen.at\/neu\/wp-content\/uploads\/2024\/06\/2-1.jpg 1024w, https:\/\/mltibhyawa8y.i.optimole.com\/cb:mquh.cde\/w:300\/h:225\/q:mauto\/f:best\/https:\/\/vsklausen.at\/neu\/wp-content\/uploads\/2024\/06\/2-1.jpg 300w, https:\/\/mltibhyawa8y.i.optimole.com\/cb:mquh.cde\/w:768\/h:576\/q:mauto\/f:best\/https:\/\/vsklausen.at\/neu\/wp-content\/uploads\/2024\/06\/2-1.jpg 768w, https:\/\/mltibhyawa8y.i.optimole.com\/cb:mquh.cde\/w:1536\/h:1152\/q:mauto\/f:best\/https:\/\/vsklausen.at\/neu\/wp-content\/uploads\/2024\/06\/2-1.jpg 1536w, https:\/\/mltibhyawa8y.i.optimole.com\/cb:mquh.cde\/w:600\/h:450\/q:mauto\/f:best\/https:\/\/vsklausen.at\/neu\/wp-content\/uploads\/2024\/06\/2-1.jpg 600w, https:\/\/mltibhyawa8y.i.optimole.com\/cb:mquh.cde\/w:1600\/h:1200\/q:mauto\/f:best\/https:\/\/vsklausen.at\/neu\/wp-content\/uploads\/2024\/06\/2-1.jpg 1600w, https:\/\/mltibhyawa8y.i.optimole.com\/cb:mquh.cde\/w:1600\/h:1200\/q:mauto\/f:best\/dpr:2\/https:\/\/vsklausen.at\/neu\/wp-content\/uploads\/2024\/06\/2-1.jpg 2x\" sizes=\"(max-width: 525px) 100vw, 525px\" \/><figcaption class=\"wp-element-caption\">Da f\u00e4llt die Auswahl schwer!<\/figcaption><\/figure>\n\n\n\n<figure class=\"wp-block-image size-large\"><img data-opt-id=983573415  decoding=\"async\" width=\"1024\" height=\"768\" data-id=\"6666\" src=\"https:\/\/mltibhyawa8y.i.optimole.com\/cb:mquh.cde\/w:1024\/h:768\/q:mauto\/f:best\/https:\/\/vsklausen.at\/neu\/wp-content\/uploads\/2024\/06\/3-1.jpg\" alt=\"\" class=\"wp-image-6666\" srcset=\"https:\/\/mltibhyawa8y.i.optimole.com\/cb:mquh.cde\/w:1024\/h:768\/q:mauto\/f:best\/https:\/\/vsklausen.at\/neu\/wp-content\/uploads\/2024\/06\/3-1.jpg 1024w, https:\/\/mltibhyawa8y.i.optimole.com\/cb:mquh.cde\/w:300\/h:225\/q:mauto\/f:best\/https:\/\/vsklausen.at\/neu\/wp-content\/uploads\/2024\/06\/3-1.jpg 300w, https:\/\/mltibhyawa8y.i.optimole.com\/cb:mquh.cde\/w:768\/h:576\/q:mauto\/f:best\/https:\/\/vsklausen.at\/neu\/wp-content\/uploads\/2024\/06\/3-1.jpg 768w, https:\/\/mltibhyawa8y.i.optimole.com\/cb:mquh.cde\/w:1536\/h:1152\/q:mauto\/f:best\/https:\/\/vsklausen.at\/neu\/wp-content\/uploads\/2024\/06\/3-1.jpg 1536w, https:\/\/mltibhyawa8y.i.optimole.com\/cb:mquh.cde\/w:600\/h:450\/q:mauto\/f:best\/https:\/\/vsklausen.at\/neu\/wp-content\/uploads\/2024\/06\/3-1.jpg 600w, https:\/\/mltibhyawa8y.i.optimole.com\/cb:mquh.cde\/w:1600\/h:1200\/q:mauto\/f:best\/https:\/\/vsklausen.at\/neu\/wp-content\/uploads\/2024\/06\/3-1.jpg 1600w, https:\/\/mltibhyawa8y.i.optimole.com\/cb:mquh.cde\/w:1600\/h:1200\/q:mauto\/f:best\/dpr:2\/https:\/\/vsklausen.at\/neu\/wp-content\/uploads\/2024\/06\/3-1.jpg 2x\" sizes=\"(max-width: 525px) 100vw, 525px\" \/><figcaption class=\"wp-element-caption\">So viele Leckereien!<\/figcaption><\/figure>\n\n\n\n<figure class=\"wp-block-image size-large\"><img data-opt-id=1835242174  decoding=\"async\" width=\"1024\" height=\"576\" data-id=\"5732\" src=\"https:\/\/mltibhyawa8y.i.optimole.com\/cb:mquh.cde\/w:1024\/h:576\/q:mauto\/f:best\/https:\/\/vsklausen.at\/neu\/wp-content\/uploads\/2023\/10\/photo_8_2023-10-12_16-31-44.jpg\" alt=\"\" class=\"wp-image-5732\" srcset=\"https:\/\/mltibhyawa8y.i.optimole.com\/cb:mquh.cde\/w:1024\/h:576\/q:mauto\/f:best\/https:\/\/vsklausen.at\/neu\/wp-content\/uploads\/2023\/10\/photo_8_2023-10-12_16-31-44.jpg 1024w, https:\/\/mltibhyawa8y.i.optimole.com\/cb:mquh.cde\/w:300\/h:169\/q:mauto\/f:best\/https:\/\/vsklausen.at\/neu\/wp-content\/uploads\/2023\/10\/photo_8_2023-10-12_16-31-44.jpg 300w, https:\/\/mltibhyawa8y.i.optimole.com\/cb:mquh.cde\/w:768\/h:432\/q:mauto\/f:best\/https:\/\/vsklausen.at\/neu\/wp-content\/uploads\/2023\/10\/photo_8_2023-10-12_16-31-44.jpg 768w, https:\/\/mltibhyawa8y.i.optimole.com\/cb:mquh.cde\/w:1280\/h:720\/q:mauto\/f:best\/https:\/\/vsklausen.at\/neu\/wp-content\/uploads\/2023\/10\/photo_8_2023-10-12_16-31-44.jpg 1280w, https:\/\/mltibhyawa8y.i.optimole.com\/cb:mquh.cde\/w:1280\/h:720\/q:mauto\/f:best\/dpr:2\/https:\/\/vsklausen.at\/neu\/wp-content\/uploads\/2023\/10\/photo_8_2023-10-12_16-31-44.jpg 2x\" sizes=\"(max-width: 525px) 100vw, 525px\" \/><\/figure>\n\n\n\n<figure class=\"wp-block-image size-large\"><img data-opt-id=1499237947  decoding=\"async\" width=\"1024\" height=\"768\" data-id=\"5730\" src=\"https:\/\/mltibhyawa8y.i.optimole.com\/cb:mquh.cde\/w:1024\/h:768\/q:mauto\/f:best\/https:\/\/vsklausen.at\/neu\/wp-content\/uploads\/2023\/10\/photo_1_2023-10-12_16-31-44.jpg\" alt=\"\" class=\"wp-image-5730\" srcset=\"https:\/\/mltibhyawa8y.i.optimole.com\/cb:mquh.cde\/w:1024\/h:768\/q:mauto\/f:best\/https:\/\/vsklausen.at\/neu\/wp-content\/uploads\/2023\/10\/photo_1_2023-10-12_16-31-44.jpg 1024w, https:\/\/mltibhyawa8y.i.optimole.com\/cb:mquh.cde\/w:300\/h:225\/q:mauto\/f:best\/https:\/\/vsklausen.at\/neu\/wp-content\/uploads\/2023\/10\/photo_1_2023-10-12_16-31-44.jpg 300w, https:\/\/mltibhyawa8y.i.optimole.com\/cb:mquh.cde\/w:768\/h:576\/q:mauto\/f:best\/https:\/\/vsklausen.at\/neu\/wp-content\/uploads\/2023\/10\/photo_1_2023-10-12_16-31-44.jpg 768w, https:\/\/mltibhyawa8y.i.optimole.com\/cb:mquh.cde\/w:600\/h:450\/q:mauto\/f:best\/https:\/\/vsklausen.at\/neu\/wp-content\/uploads\/2023\/10\/photo_1_2023-10-12_16-31-44.jpg 600w, https:\/\/mltibhyawa8y.i.optimole.com\/cb:mquh.cde\/w:1280\/h:960\/q:mauto\/f:best\/https:\/\/vsklausen.at\/neu\/wp-content\/uploads\/2023\/10\/photo_1_2023-10-12_16-31-44.jpg 1280w, https:\/\/mltibhyawa8y.i.optimole.com\/cb:mquh.cde\/w:1280\/h:960\/q:mauto\/f:best\/dpr:2\/https:\/\/vsklausen.at\/neu\/wp-content\/uploads\/2023\/10\/photo_1_2023-10-12_16-31-44.jpg 2x\" sizes=\"(max-width: 525px) 100vw, 525px\" \/><\/figure>\n\n\n\n<figure class=\"wp-block-image size-large\"><img data-opt-id=291184241  decoding=\"async\" width=\"1024\" height=\"768\" data-id=\"5728\" src=\"https:\/\/mltibhyawa8y.i.optimole.com\/cb:mquh.cde\/w:1024\/h:768\/q:mauto\/f:best\/https:\/\/vsklausen.at\/neu\/wp-content\/uploads\/2023\/10\/photo_6_2023-10-12_16-31-44.jpg\" alt=\"\" class=\"wp-image-5728\" srcset=\"https:\/\/mltibhyawa8y.i.optimole.com\/cb:mquh.cde\/w:1024\/h:768\/q:mauto\/f:best\/https:\/\/vsklausen.at\/neu\/wp-content\/uploads\/2023\/10\/photo_6_2023-10-12_16-31-44.jpg 1024w, https:\/\/mltibhyawa8y.i.optimole.com\/cb:mquh.cde\/w:300\/h:225\/q:mauto\/f:best\/https:\/\/vsklausen.at\/neu\/wp-content\/uploads\/2023\/10\/photo_6_2023-10-12_16-31-44.jpg 300w, https:\/\/mltibhyawa8y.i.optimole.com\/cb:mquh.cde\/w:768\/h:576\/q:mauto\/f:best\/https:\/\/vsklausen.at\/neu\/wp-content\/uploads\/2023\/10\/photo_6_2023-10-12_16-31-44.jpg 768w, https:\/\/mltibhyawa8y.i.optimole.com\/cb:mquh.cde\/w:600\/h:450\/q:mauto\/f:best\/https:\/\/vsklausen.at\/neu\/wp-content\/uploads\/2023\/10\/photo_6_2023-10-12_16-31-44.jpg 600w, https:\/\/mltibhyawa8y.i.optimole.com\/cb:mquh.cde\/w:1280\/h:960\/q:mauto\/f:best\/https:\/\/vsklausen.at\/neu\/wp-content\/uploads\/2023\/10\/photo_6_2023-10-12_16-31-44.jpg 1280w, https:\/\/mltibhyawa8y.i.optimole.com\/cb:mquh.cde\/w:1280\/h:960\/q:mauto\/f:best\/dpr:2\/https:\/\/vsklausen.at\/neu\/wp-content\/uploads\/2023\/10\/photo_6_2023-10-12_16-31-44.jpg 2x\" sizes=\"(max-width: 525px) 100vw, 525px\" \/><\/figure>\n<\/figure>\n","protected":false},"excerpt":{"rendered":"<p>Wir lieben die gesunde Jause! F\u00fcr Schulkinder ist eine gesunde und reichhaltige Jause extrem wichtig, damit sie den Herausforderungen des Schultages gewachsen sind. Deshalb bereiten&hellip;<\/p>\n","protected":false},"author":1,"featured_media":6893,"parent":2868,"menu_order":0,"comment_status":"closed","ping_status":"closed","template":"","meta":{"iawp_total_views":35,"footnotes":""},"class_list":["post-2849","page","type-page","status-publish","has-post-thumbnail","hentry"],"_links":{"self":[{"href":"https:\/\/vsklausen.at\/neu\/index.php\/wp-json\/wp\/v2\/pages\/2849","targetHints":{"allow":["GET"]}}],"collection":[{"href":"https:\/\/vsklausen.at\/neu\/index.php\/wp-json\/wp\/v2\/pages"}],"about":[{"href":"https:\/\/vsklausen.at\/neu\/index.php\/wp-json\/wp\/v2\/types\/page"}],"author":[{"embeddable":true,"href":"https:\/\/vsklausen.at\/neu\/index.php\/wp-json\/wp\/v2\/users\/1"}],"replies":[{"embeddable":true,"href":"https:\/\/vsklausen.at\/neu\/index.php\/wp-json\/wp\/v2\/comments?post=2849"}],"version-history":[{"count":3,"href":"https:\/\/vsklausen.at\/neu\/index.php\/wp-json\/wp\/v2\/pages\/2849\/revisions"}],"predecessor-version":[{"id":9330,"href":"https:\/\/vsklausen.at\/neu\/index.php\/wp-json\/wp\/v2\/pages\/2849\/revisions\/9330"}],"up":[{"embeddable":true,"href":"https:\/\/vsklausen.at\/neu\/index.php\/wp-json\/wp\/v2\/pages\/2868"}],"wp:featuredmedia":[{"embeddable":true,"href":"https:\/\/vsklausen.at\/neu\/index.php\/wp-json\/wp\/v2\/media\/6893"}],"wp:attachment":[{"href":"https:\/\/vsklausen.at\/neu\/index.php\/wp-json\/wp\/v2\/media?parent=2849"}],"curies":[{"name":"wp","href":"https:\/\/api.w.org\/{rel}","templated":true}]}}