    {"id":2851,"date":"2025-10-09T16:01:01","date_gmt":"2025-10-09T14:01:01","guid":{"rendered":"https:\/\/vsklausen.at\/neu\/?page_id=2851"},"modified":"2026-02-04T09:25:47","modified_gmt":"2026-02-04T08:25:47","slug":"nachmittagsbetreuung","status":"publish","type":"page","link":"https:\/\/vsklausen.at\/neu\/index.php\/unsere-schule\/nachmittagsbetreuung\/","title":{"rendered":"Schulische Tagesbetreuung"},"content":{"rendered":"\n<ul class=\"wp-block-list\">\n<li>Umfangreiche Betreuungsm\u00f6glichkeiten:<br>Fr\u00fchbetreuung 7.00 &#8211; 7.45 Uhr (\u20ac 30,-\/Monat)<br>Nachmittagsbetreuung bis 17.00 Uhr<br>Mittagessen m\u00f6glich!<br>Lernstunde durch Lehrpersonen<br><br><em><strong>Es gibt vier Tarifmodelle:<\/strong><\/em><\/li>\n\n\n\n<li>Standardtarif: 1 &#8211; 3 Tage pro Woche von Unterrichtsende bis 17 Uhr\/ Betreuungsbeitrag pro Monat \u20ac 100,- <\/li>\n\n\n\n<li>Kurztarif: 1 &#8211; 3 Tage pro Woche von Unterrichtsende bis 14.10 Uhr \/ Betreuungsbeitrag pro Monat \u20ac 60.- <\/li>\n\n\n\n<li>Standardtarif: 4 &#8211; 5 Tage pro Woche von Unterrichtsende bis 17 Uhr \/ Betreuungsbeitrag pro Monat \u20ac 150,-<\/li>\n\n\n\n<li>Kurztarif: 4 &#8211; 5 Tage pro Woche von Unterrichtsende bis 14.10 Uhr  \/ Betreuungsbeitrag pro Monat \u20ac 100.- <br><br>Wird in begr\u00fcndeten Ausnahmef\u00e4llen die angemeldete Betreuungszeit \u00fcberschritten, werden pro angefangener Stunde 4 \u20ac eingehoben.<br><br>Das Mittagessen kann tageweise bestellt werden, pro Mahlzeit werden 4,50 \u20ac verrechnet!<br><\/li>\n<\/ul>\n","protected":false},"excerpt":{"rendered":"","protected":false},"author":1,"featured_media":0,"parent":2868,"menu_order":0,"comment_status":"closed","ping_status":"closed","template":"","meta":{"iawp_total_views":102,"footnotes":""},"class_list":["post-2851","page","type-page","status-publish","hentry"],"_links":{"self":[{"href":"https:\/\/vsklausen.at\/neu\/index.php\/wp-json\/wp\/v2\/pages\/2851","targetHints":{"allow":["GET"]}}],"collection":[{"href":"https:\/\/vsklausen.at\/neu\/index.php\/wp-json\/wp\/v2\/pages"}],"about":[{"href":"https:\/\/vsklausen.at\/neu\/index.php\/wp-json\/wp\/v2\/types\/page"}],"author":[{"embeddable":true,"href":"https:\/\/vsklausen.at\/neu\/index.php\/wp-json\/wp\/v2\/users\/1"}],"replies":[{"embeddable":true,"href":"https:\/\/vsklausen.at\/neu\/index.php\/wp-json\/wp\/v2\/comments?post=2851"}],"version-history":[{"count":10,"href":"https:\/\/vsklausen.at\/neu\/index.php\/wp-json\/wp\/v2\/pages\/2851\/revisions"}],"predecessor-version":[{"id":9786,"href":"https:\/\/vsklausen.at\/neu\/index.php\/wp-json\/wp\/v2\/pages\/2851\/revisions\/9786"}],"up":[{"embeddable":true,"href":"https:\/\/vsklausen.at\/neu\/index.php\/wp-json\/wp\/v2\/pages\/2868"}],"wp:attachment":[{"href":"https:\/\/vsklausen.at\/neu\/index.php\/wp-json\/wp\/v2\/media?parent=2851"}],"curies":[{"name":"wp","href":"https:\/\/api.w.org\/{rel}","templated":true}]}}

<ul class="wp-block-list">
<li>Umfangreiche Betreuungsmöglichkeiten:<br>Frühbetreuung 7.00 &#8211; 7.45 Uhr (€ 30,-/Monat)<br>Nachmittagsbetreuung bis 17.00 Uhr<br>Mittagessen möglich!<br>Lernstunde durch Lehrpersonen<br><br><em><strong>Es gibt vier Tarifmodelle:</strong></em></li>



<li>Standardtarif: 1 &#8211; 3 Tage pro Woche von Unterrichtsende bis 17 Uhr/ Betreuungsbeitrag pro Monat € 100,- </li>



<li>Kurztarif: 1 &#8211; 3 Tage pro Woche von Unterrichtsende bis 14.10 Uhr / Betreuungsbeitrag pro Monat € 60.- </li>



<li>Standardtarif: 4 &#8211; 5 Tage pro Woche von Unterrichtsende bis 17 Uhr / Betreuungsbeitrag pro Monat € 150,-</li>



<li>Kurztarif: 4 &#8211; 5 Tage pro Woche von Unterrichtsende bis 14.10 Uhr  / Betreuungsbeitrag pro Monat € 100.- <br><br>Wird in begründeten Ausnahmefällen die angemeldete Betreuungszeit überschritten, werden pro angefangener Stunde 4 € eingehoben.<br><br>Das Mittagessen kann tageweise bestellt werden, pro Mahlzeit werden 4,50 € verrechnet!<br></li>
</ul>
