    {"id":7962,"date":"2025-10-11T11:08:09","date_gmt":"2025-10-11T09:08:09","guid":{"rendered":"https:\/\/vsklausen.at\/neu\/?page_id=7962"},"modified":"2026-04-01T16:33:21","modified_gmt":"2026-04-01T14:33:21","slug":"unser-team","status":"publish","type":"page","link":"https:\/\/vsklausen.at\/neu\/index.php\/unsere-schule\/unser-team\/","title":{"rendered":"Unser Team"},"content":{"rendered":"\n<div class=\"wp-block-media-text alignwide is-stacked-on-mobile is-vertically-aligned-top\" style=\"grid-template-columns:20% auto\"><figure class=\"wp-block-media-text__media\"><img data-opt-id=1566654889  fetchpriority=\"high\" decoding=\"async\" src=\"https:\/\/mltibhyawa8y.i.optimole.com\/cb:mquh.cde\/w:683\/h:1024\/q:mauto\/f:best\/https:\/\/vsklausen.at\/wp-content\/uploads\/2024\/10\/22260084-683x1024.jpg\" alt=\"\" class=\"wp-image-7069 size-full\"\/><\/figure><div class=\"wp-block-media-text__content\">\n<p><strong>Alexandra Grasel, BEd<br>Schulleitung<\/strong><\/p>\n\n\n\n<p>Ausbildung: Lehramt f\u00fcr Volksschule und Sonderschule, gepr\u00fcfte Legasthenietrainerin<\/p>\n\n\n\n<p>Ich bin verheiratet und habe selbst drei Kinder, daher wei\u00df ich auch um die Sorgen und \u00c4ngste der Eltern bestens Bescheid.<\/p>\n\n\n\n<p>Mein oberstes Ziel als P\u00e4dagogin ist, nat\u00fcrlich neben der bestm\u00f6glichen Vermittlung der Kulturtechniken wie Schreiben, Lesen und Rechnen, die Schaffung einer freundlichen und kameradschaftlichen Atmosph\u00e4re, in der sich alle Kinder wohlf\u00fchlen und mit Begeisterung in die Schule gehen. Als wichtigste Basis f\u00fcr ein gutes Schulklima sehe ich eine gut funktionierende, wertsch\u00e4tzende Zusammenarbeit zwischen den Eltern, den Lehrkr\u00e4ften der Schule und mir als Schulleiterin, denn unser gemeinsames Bestreben dient immer dem Wohl der Kinder, die unsere Volksschule besuchen.<\/p>\n\n\n\n<p>Meine Freizeit verbringe ich gerne gemeinsam mit meiner Familie und meinen Freunden, aber ich genie\u00dfe auch Stunden, in denen ich Zeit f\u00fcr mich habe und ein gutes Buch lese oder durch den Wienerwald wandere.<\/p>\n<\/div><\/div>\n\n\n\n<div class=\"wp-block-media-text alignwide is-stacked-on-mobile is-vertically-aligned-top\" style=\"grid-template-columns:19% auto\"><figure class=\"wp-block-media-text__media\"><img data-opt-id=881369295  fetchpriority=\"high\" decoding=\"async\" src=\"https:\/\/mltibhyawa8y.i.optimole.com\/cb:mquh.cde\/w:auto\/h:auto\/q:mauto\/f:best\/https:\/\/vsklausen.at\/wp-content\/uploads\/2024\/11\/22260087-683x1024-1.jpg\" alt=\"\" class=\"wp-image-7133 size-full\"\/><\/figure><div class=\"wp-block-media-text__content\">\n<p><strong>Anna Wadsak, MEd <\/strong><br><strong>1. Klasse <\/strong><\/p>\n\n\n\n<p>Mein Name ist Anna Wadsak, und ich freue mich sehr, Teil des Teams an der Volksschule Klausen-Leopoldsdorf zu sein.<\/p>\n\n\n\n<p>Ich komme aus Baden und habe hier letztes Jahr meinen Master an der p\u00e4dagogischen Hochschule abgeschlossen und arbeite seitdem als Lehrerin.<\/p>\n\n\n\n<p>Als engagierte Lehrkraft liegt mir das Wohl und die Entwicklung jedes einzelnen Kindes besonders am Herzen. Mein Ziel ist es, eine liebevolle und unterst\u00fctzende Lernumgebung zu schaffen, in der die Kinder nicht nur Wissen erwerben, sondern auch ihre sozialen F\u00e4higkeiten ausbauen k\u00f6nnen. Dabei ist mir wichtig, den Unterricht abwechslungsreich, kreativ und praxisnah zu gestalten, um die nat\u00fcrliche Neugier der Kinder zu wecken und ihre Freude am Lernen zu f\u00f6rdern.<\/p>\n\n\n\n<p>Jeder Tag in der Schule ist eine neue Chance, die Kinder in ihrer pers\u00f6nlichen und schulischen Entwicklung zu begleiten und zu unterst\u00fctzen.<\/p>\n\n\n\n<p>In meiner Freizeit gehe ich gerne in die Natur spazieren, spiele Gesellschaftsspiele mit meiner Familie oder bet\u00e4tige mich sportlich beim Kickboxen oder Yoga. Zum Runterkommen am Abend h\u00e4kle oder bastle ich gerne, w\u00e4hrend ich H\u00f6rb\u00fccher h\u00f6re.<\/p>\n\n\n\n<p>Ich freue mich darauf, gemeinsam mit den Kindern viele spannende und lehrreiche Momente zu erleben!<\/p>\n\n\n\n<p><\/p>\n<\/div><\/div>\n\n\n\n<div class=\"wp-block-media-text alignwide is-stacked-on-mobile is-vertically-aligned-top\" style=\"grid-template-columns:20% auto\"><figure class=\"wp-block-media-text__media\"><img data-opt-id=2126870084  decoding=\"async\" src=\"https:\/\/mltibhyawa8y.i.optimole.com\/cb:mquh.cde\/w:683\/h:1024\/q:mauto\/f:best\/https:\/\/vsklausen.at\/wp-content\/uploads\/2024\/10\/22260085-683x1024.jpg\" alt=\"\" class=\"wp-image-7074 size-full\"\/><\/figure><div class=\"wp-block-media-text__content\">\n<p><strong>Isabella Donschachner<br>2. Klasse<\/strong><\/p>\n\n\n\n<p>Mein Name ist Isabella Donschachner, ich bin 1972 geboren und wohne im Wienerwald. Ich lebe mit 2 wunderbaren T\u00f6chtern, meinem lieben Mann, 3 Katzen, 2 Enten und weiter entfernt noch einem Pferd. Ich liebe das Leben auf dem Land und bin sehr gl\u00fccklich, dass es mich 2010 auch beruflich nach Nieder\u00f6sterreich verschlagen hat, nachdem ich viele Jahre in Wien unterrichtet habe. Unsere kleine Schule ist f\u00fcr mich zu einer zweiten Heimat geworden. Ich unterrichte gerne, und der Spa\u00df am gemeinsamen Arbeiten steht f\u00fcr mich im Vordergrund. Mir ist es sehr wichtig, dass sich die Kinder wohlf\u00fchlen und entspannt in die Schule kommen k\u00f6nnen. Gemeinsam lachen, sich bewegen k\u00f6nnen, selbstbestimmtes Arbeiten in offenen Lernsituationen, Partner- und Gruppenarbeit sind wichtige Bestandteile eines guten Lernklimas. Darin liegt auch mein Aus \u2013 und Fortbildungsschwerpunkt.<br>Das Sch\u00f6ne an meinem Beruf ist die Vielfalt.<br>Was mir Freude bereitet: meine Familie, mein Garten, f\u00fcr meine Schulkinder ein Wegbegleiter zu sein.<\/p>\n<\/div><\/div>\n\n\n\n<div class=\"wp-block-media-text alignwide is-stacked-on-mobile is-vertically-aligned-top\" style=\"grid-template-columns:20% auto\"><figure class=\"wp-block-media-text__media\"><img data-opt-id=2025672371  decoding=\"async\" src=\"https:\/\/mltibhyawa8y.i.optimole.com\/cb:mquh.cde\/w:683\/h:1024\/q:mauto\/f:best\/https:\/\/vsklausen.at\/wp-content\/uploads\/2024\/10\/22260090-683x1024.jpg\" alt=\"\" class=\"wp-image-7062 size-full\"\/><\/figure><div class=\"wp-block-media-text__content\">\n<p><strong>Jessica Schnare, BEd<\/strong><br><strong>3. Klasse<\/strong><\/p>\n\n\n\n<p>Mein Name ist Jessica Schnare. Gemeinsam mit meinem Mann und unseren beiden S\u00f6hnen lebe ich im sch\u00f6nen Breitenfurt in Nieder\u00f6sterreich.<\/p>\n\n\n\n<p>Direkt nach meinem Studium an der P\u00e4dagogischen Hochschule in Wien habe ich f\u00fcr drei Jahre an einer Grundschule in Deutschland gearbeitet. Dort war ich sowohl als Lehrkraft als auch in der Tagesbetreuung t\u00e4tig. Im Jahr 2015 kam ich zur\u00fcck nach \u00d6sterreich und arbeitete seitdem an einer Privatschule in Wien. Ich freue mich sehr, nun im Team der Volksschule Klausen-Leopoldsdorf t\u00e4tig sein zu d\u00fcrfen.<\/p>\n\n\n\n<p>Eine vorbereitete Lernumgebung, eine positive Klassenatmosph\u00e4re sowie ein wertsch\u00e4tzender Umgang miteinander bilden f\u00fcr mich die Grundlage, um Lernen zu erm\u00f6glichen. Dabei soll die gemeinsame Freude am Lernen im Vordergrund stehen. Denn die Kinder sollen genauso wie ich gerne in die Schule kommen. Besonders wichtig ist mir, dass meine Sch\u00fclerInnen wissen, dass ich immer ein offenes Ohr f\u00fcr ihre Anliegen habe und gemeinsam mit der Schulleitung sowie den Eltern das Beste f\u00fcr sie m\u00f6chte.<\/p>\n\n\n\n<p>Meine Freizeit verbringe ich am liebsten mit meiner Familie. Wir sind gerne in der Natur mit unseren Hunden unterwegs, machen einen Ausflug oder eine kleine Radtour mit Freunden.<\/p>\n<\/div><\/div>\n\n\n\n<div class=\"wp-block-media-text alignwide is-stacked-on-mobile is-vertically-aligned-top\" style=\"grid-template-columns:20% auto\"><figure class=\"wp-block-media-text__media\"><img data-opt-id=241469262  decoding=\"async\" src=\"https:\/\/mltibhyawa8y.i.optimole.com\/cb:mquh.cde\/w:683\/h:1024\/q:mauto\/f:best\/https:\/\/vsklausen.at\/wp-content\/uploads\/2024\/10\/22260079-683x1024.jpg\" alt=\"\" class=\"wp-image-7071 size-full\"\/><\/figure><div class=\"wp-block-media-text__content\">\n<p><strong>Jeannine Mailling<\/strong>, <strong>BEd<\/strong><br><strong>4. Klasse<\/strong><\/p>\n\n\n\n<p>Ich hei\u00dfe Jeannine Mailling und freue mich, nach 6 Dienstjahren in Wien, nun seit September 2022 in der Volksschule Klausen-Leopoldsdorf unterrichten zu d\u00fcrfen. Beheimatet bin ich in der wundersch\u00f6nen Kurstadt Baden am Rande der Weinberge.<br><br>Kinder heranwachsen zu sehen und dabei als Wegbegleiter zu agieren, erf\u00fcllt mich mit gro\u00dfer Freude. Meine Kreativit\u00e4t lebe ich gerne in der Klasse aus und versuche den Kindern eine sch\u00f6ne und unterst\u00fctzende Lernumgebung zu schaffen. Im Klassengeschehen ist mir ein wertsch\u00e4tzender Umgang untereinander besonders wichtig. Auch m\u00f6chte ich die Kinder an eine selbstst\u00e4ndige und selbstreflektierte Arbeitsweise heranf\u00fchren und setze hierf\u00fcr gerne Freiarbeitsphasen im Unterricht ein.<br><br>Da ich sehr naturverbunden bin, genie\u00dfe ich meine Freizeit gerne bei Wanderungen, oder ausgedehnten Spazierg\u00e4ngen. Auch Ausfl\u00fcge mit meiner Familie sind mir sehr wichtig. Vor einiger Zeit habe ich zudem das Inlineskaten f\u00fcr mich entdeckt.<\/p>\n<\/div><\/div>\n\n\n\n<div class=\"wp-block-media-text alignwide is-stacked-on-mobile is-vertically-aligned-top\" style=\"grid-template-columns:20% auto\"><figure class=\"wp-block-media-text__media\"><img data-opt-id=464819242  decoding=\"async\" src=\"https:\/\/mltibhyawa8y.i.optimole.com\/cb:mquh.cde\/w:683\/h:1024\/q:mauto\/f:best\/https:\/\/vsklausen.at\/wp-content\/uploads\/2024\/10\/22260081-683x1024.jpg\" alt=\"\" class=\"wp-image-7059 size-full\"\/><\/figure><div class=\"wp-block-media-text__content\">\n<p><strong>Iris Bichler-Heinisch<br>Beraterin f\u00fcr Rechenschw\u00e4che<\/strong><\/p>\n\n\n\n<p>Ausbildungen:<br>VS-Lehrerin<br>Montessori-P\u00e4dagogik<br>Legasthenie und Dyskalkulie<\/p>\n\n\n\n<p>Schon als Volksschulkind wollte ich selbst gerne Lehrerin werden. Die Arbeit mit Kindern bereitet mir gro\u00dfe Freude und ich m\u00f6chte sie in ihrer Entwicklung begleiten. Mein pers\u00f6nliches Ziel ist, in den Kindern die Neugierde zu wecken und ihnen Spa\u00df am Lernen, Forschen und Entdecken zu vermitteln.<br>Meine Freizeit verbringe ich gerne mit meinem Mann und unseren drei T\u00f6chtern.<br>Wir genie\u00dfen miteinander die Natur, unternehmen Radtouren und fahren im Winter Schi. Au\u00dferdem koche ich gerne f\u00fcr meine Familie. Wenn es meine Zeit erlaubt, ziehe ich mich gerne mit einem guten Buch zur\u00fcck.<\/p>\n<\/div><\/div>\n\n\n\n<div class=\"wp-block-media-text alignwide is-stacked-on-mobile is-vertically-aligned-top\" style=\"grid-template-columns:20% auto\"><figure class=\"wp-block-media-text__media\"><img data-opt-id=958714311  decoding=\"async\" src=\"https:\/\/mltibhyawa8y.i.optimole.com\/cb:mquh.cde\/w:683\/h:1024\/q:mauto\/f:best\/https:\/\/vsklausen.at\/wp-content\/uploads\/2023\/11\/17230075-683x1024.jpg\" alt=\"\" class=\"wp-image-5878 size-full\"\/><\/figure><div class=\"wp-block-media-text__content\">\n<p><strong>Heidi Lee, MEd<\/strong><\/p>\n\n\n\n<p>Ich hei\u00dfe Heidi A. Lee und lebe zusammen mit meinem Mann am Fu\u00dfe des Harzbergs in Bad V\u00f6slau. Ich durfte mit meinen vier Geschwistern in einer lustigen, kinderreichen Gro\u00dffamilie im Bezirk Baden aufwachsen. Bevor ich mein Studium an der p\u00e4dagogischen Hochschule in Wien begonnen habe, arbeitete ich in M\u00fcnchen einige Jahre als K\u00f6chin. Im Zuge meines Studiums habe ich an verschiedenen Schulstandorten unterrichtet.<br>F\u00fcr mich ist in meiner p\u00e4dagogischen Arbeit der Aufbau eines gesunden Selbst- und Verantwortungsbewusstseins und einer grunds\u00e4tzlichen Weltoffenheit von besonderer Bedeutung. Es ist mir ein besonderes Anliegen, dass dies in einer humorvollen Atmosph\u00e4re und mit Freude zum Lernen geschehen kann.<br>Meine Freizeit verbringe ich gerne mit meiner Familie und meinen Freunden, einem guten Buch oder in der Natur.<\/p>\n<\/div><\/div>\n\n\n\n<div class=\"wp-block-media-text alignwide is-stacked-on-mobile is-vertically-aligned-top\" style=\"grid-template-columns:19% auto\"><figure class=\"wp-block-media-text__media\"><img data-opt-id=1213086340  decoding=\"async\" src=\"https:\/\/mltibhyawa8y.i.optimole.com\/cb:mquh.cde\/w:721\/h:1024\/q:mauto\/f:best\/https:\/\/vsklausen.at\/wp-content\/uploads\/Photo-Anna-Sophie-721x1024.jpg\" alt=\"\" class=\"wp-image-7793 size-full\"\/><\/figure><div class=\"wp-block-media-text__content\">\n<p><strong>Anna-Sophie Grabenweger, BEd (in Karenz)<\/strong><\/p>\n\n\n\n<p>Mein Name ist Anna-Sophie Grabenweger, und ich unterrichte an unserer wundersch\u00f6nen Volksschule in Klausen Leopoldsdorf mit viel Freude und Engagement. Besonders wichtig ist mir, dass jedes Kind in seinem eigenen Tempo lernen darf und dabei bestm\u00f6glich unterst\u00fctzt wird. Ich lege gro\u00dfen Wert auf eine positive Lernatmosph\u00e4re, in der Neugier, Kreativit\u00e4t und Eigeninitiative gef\u00f6rdert werden. Gemeinsam mit den Sch\u00fclerinnen und Sch\u00fclern m\u00f6chte ich Neues entdecken, praktische Erfahrungen sammeln und sie auf ihrem individuellen Weg begleiten.<\/p>\n<\/div><\/div>\n\n\n\n<div class=\"wp-block-media-text alignwide is-stacked-on-mobile\" style=\"grid-template-columns:20% auto\"><figure class=\"wp-block-media-text__media\"><img data-opt-id=2038970017  decoding=\"async\" width=\"120\" height=\"150\" src=\"https:\/\/mltibhyawa8y.i.optimole.com\/cb:mquh.cde\/w:auto\/h:auto\/q:mauto\/f:best\/https:\/\/vsklausen.at\/neu\/wp-content\/uploads\/2025\/10\/ostermayer.jpg\" alt=\"\" class=\"wp-image-8018 size-full\"\/><\/figure><div class=\"wp-block-media-text__content\">\n<p><strong>Mag. Gottfried Ostermayer<br>r\u00f6m.-kath. Religion<\/strong><\/p>\n\n\n\n<p>Mein Name ist Gottfried Ostermayer. Ich bin in der Volksschule Klausen-Leopoldsdorf als Religionslehrer t\u00e4tig.<br>Mir bereitet es viel Freude Kinder zu unterrichten und ihnen zu vermitteln, wie sch\u00f6n es ist, ein Freund von Jesus zu sein. Im Religionsunterricht steht die Liebe Gottes zu uns Menschen an erster Stelle.<br>Ich lege viel Wert darauf, den Unterricht abwechslungsreich zu gestalten. Das Erlernen von religi\u00f6sen Liedern ist mir ein besonderes Anliegen.<br>Meine Freizeit verbringe ich gerne mit Freunden oder ich ziehe mich zur\u00fcck und besch\u00e4ftige mich mit kirchlichen Fragen und theologischer Literatur.<\/p>\n<\/div><\/div>\n\n\n\n<div class=\"wp-block-columns is-layout-flex wp-container-core-columns-is-layout-9d6595d7 wp-block-columns-is-layout-flex\">\n<div class=\"wp-block-column is-layout-flow wp-block-column-is-layout-flow\" style=\"flex-basis:100%\">\n<div class=\"wp-block-media-text alignwide is-stacked-on-mobile is-vertically-aligned-top\" style=\"grid-template-columns:20% auto\"><figure class=\"wp-block-media-text__media\"><img data-opt-id=1080321816  decoding=\"async\" src=\"https:\/\/mltibhyawa8y.i.optimole.com\/cb:mquh.cde\/w:683\/h:1024\/q:mauto\/f:best\/https:\/\/vsklausen.at\/wp-content\/uploads\/2024\/10\/22260076-683x1024.jpg\" alt=\"\" class=\"wp-image-7057 size-full\"\/><\/figure><div class=\"wp-block-media-text__content\">\n<p><strong>Sonja W\u00f6hrer<br>Tagesbetreuung<\/strong><\/p>\n\n\n\n<p>Mein Name ist Sonja W\u00f6hrer und ich lebe mit meinen beiden S\u00f6hnen, mit unserem Hund Jasper, Pferden, H\u00fchnern, Schafen und Katzen auf einem idyllischen Bauernhof, der in einer sehr romantischen Umgebung von Klausen-Leopoldsdorf liegt.<br>Das Sch\u00f6nste an meiner T\u00e4tigkeit als Fr\u00fch- und Nachmittagsbetreuerin ist der pers\u00f6nliche Umgang mit meinen Spr\u00f6sslingen. Jeder Tag gestaltet sich als au\u00dferordentlich abwechslungsreich, kreativ, bereichernd und sehr spannend. Es bereitet mir sehr viel Freude auf die mir anvertrauten Kinder zu achten und mit ihnen gemeinsam sinnvoll die Zeit zu verbringen.<\/p>\n<\/div><\/div>\n<\/div>\n<\/div>\n\n\n\n<div class=\"wp-block-media-text alignwide is-stacked-on-mobile is-vertically-aligned-top\" style=\"grid-template-columns:20% auto\"><figure class=\"wp-block-media-text__media\"><img data-opt-id=1729231330  decoding=\"async\" src=\"https:\/\/mltibhyawa8y.i.optimole.com\/cb:mquh.cde\/w:761\/h:1024\/q:mauto\/f:best\/https:\/\/vsklausen.at\/wp-content\/uploads\/2022\/10\/IMG-20221006-WA0000-761x1024.jpg\" alt=\"\" class=\"wp-image-4582 size-full\"\/><\/figure><div class=\"wp-block-media-text__content\">\n<p><strong>Cornelia Sippel<br>Schulwartin<\/strong><\/p>\n\n\n\n<p>Ich hei\u00dfe Cornelia Sippel und wohne in Klausen-Leopoldsdorf,&nbsp; bin verheiratet und habe einen schon erwachsenen Sohn. Gerne verbringe ich meine Freizeit mit meiner Familie im Garten und in der Natur. Meine Aufgabe als Schulwartin macht mir viel Spa\u00df, da mir Kinder sehr am Herzen liegen und es ist sehr sch\u00f6n, mit dem tollen Team der Volksschule Klausen-Leopoldsdorf gemeinsam zu arbeiten.<\/p>\n<\/div><\/div>\n","protected":false},"excerpt":{"rendered":"<p>Alexandra Grasel, BEdSchulleitung Ausbildung: Lehramt f\u00fcr Volksschule und Sonderschule, gepr\u00fcfte Legasthenietrainerin Ich bin verheiratet und habe selbst drei Kinder, daher wei\u00df ich auch um die&hellip;<\/p>\n","protected":false},"author":1,"featured_media":0,"parent":2868,"menu_order":0,"comment_status":"closed","ping_status":"closed","template":"","meta":{"iawp_total_views":689,"footnotes":""},"class_list":["post-7962","page","type-page","status-publish","hentry"],"_links":{"self":[{"href":"https:\/\/vsklausen.at\/neu\/index.php\/wp-json\/wp\/v2\/pages\/7962","targetHints":{"allow":["GET"]}}],"collection":[{"href":"https:\/\/vsklausen.at\/neu\/index.php\/wp-json\/wp\/v2\/pages"}],"about":[{"href":"https:\/\/vsklausen.at\/neu\/index.php\/wp-json\/wp\/v2\/types\/page"}],"author":[{"embeddable":true,"href":"https:\/\/vsklausen.at\/neu\/index.php\/wp-json\/wp\/v2\/users\/1"}],"replies":[{"embeddable":true,"href":"https:\/\/vsklausen.at\/neu\/index.php\/wp-json\/wp\/v2\/comments?post=7962"}],"version-history":[{"count":5,"href":"https:\/\/vsklausen.at\/neu\/index.php\/wp-json\/wp\/v2\/pages\/7962\/revisions"}],"predecessor-version":[{"id":9969,"href":"https:\/\/vsklausen.at\/neu\/index.php\/wp-json\/wp\/v2\/pages\/7962\/revisions\/9969"}],"up":[{"embeddable":true,"href":"https:\/\/vsklausen.at\/neu\/index.php\/wp-json\/wp\/v2\/pages\/2868"}],"wp:attachment":[{"href":"https:\/\/vsklausen.at\/neu\/index.php\/wp-json\/wp\/v2\/media?parent=7962"}],"curies":[{"name":"wp","href":"https:\/\/api.w.org\/{rel}","templated":true}]}}